 = a**2 + 2*a. What is q(t)?
0
Let o(q) be the second derivative of 16*q**4/3 + q**3/6 - 974*q. Determine o(-1).
63
Let j(c) be the third derivative of c**5/60 - 7*c**4/8 + 49*c**3/6 + 2*c**2 + 148. Give j(18).
-5
Suppose -8 = -2*z - 0*z. Let y(u) be the first derivative of -1/3*u**3 + 36 - 3*u + 2*u**2. Determine y(z).
-3
Let h be ((-1)/3)/(56/48 + -1). Let p(z) = 16*z + 5. Determine p(h).
-27
Let j(k) = k**3 - 7*k**2 - 2*k + 9. Suppose 0 = -9*d + 32*d - 161. Give j(d).
-5
Let a(w) = -8 + 8 + 4*w. Suppose -4*y + 0*y = -12. Let j(z) = -3*z. Let n(t) = y*j(t) + 2*a(t). Calculate n(5).
-5
Let b = 147 + -149. Let y(v) = v**3 + v**2 - 2. Give y(b).
-6
Let u(p) = 2*p + 8. Let l(g) = 5*g + 16. Let t(n) = n**2 - 2. Let k be t(-2). Let i = k + 5. Let s(o) = i*u(o) - 3*l(o). Determine s(7).
1
Let h(d) = 18*d - 124. Let m be h(7). Let q(a) = a**2 - 4. Determine q(m).
0
Let h(r) = -9*r - 2*r + 3*r - r + 8*r - 4. What is h(-7)?
3
Let a = -2 + 0. Let t be 0/(-6) + a/(-1). Let r(d) be the third derivative of -d**4/12 - d**3/3 + 116*d**2. What is r(t)?
-6
Suppose -2*o - 29 = 2*n - 3, 4*o + n = -37. Let l(x) = 0*x - 4*x - 4*x + 5 + x - x**2. Determine l(o).
-3
Let t = -22 + 15. Let h(a) = -4*a**2 - 5*a - 10. Let x(b) = -7*b**2 - 11*b - 20. Let m(i) = -5*h(i) + 3*x(i). Determine m(t).
-3
Let o = -5 + 7. Let k(z) = -5 + 4*z + o*z + z**2 - 3*z. Let y be (4/12)/(3/(-45)). Calculate k(y).
5
Let b(x) be the second derivative of -x**3/3 + 9*x**2/2 - 10*x. Let d be b(6). Let l(q) = -2*q + 1. What is l(d)?
7
Let o(m) = m**2 - 18*m + 17. Let t be o(17). Let p(g) = -g**2 + g + 31. What is p(t)?
31
Let j(p) = p**3 + 7*p**2 + 4*p - 4. Let r(x) = x**2 - x - 1. Let w(n) = n**3 - 2*n + 5. Let f(m) = -6*r(m) - w(m). Let l be f(-7). Calculate j(l).
8
Let w(b) = -7*b**2 + 198*b - 56. Let y be w(28). Let f(d) = -3*d - d**2 + 4*d + 5 + 0*d**2. Give f(y).
5
Let m(v) = -v**2 - 4*v - 1. Let t be m(-2). Let u(h) be the third derivative of -1/24*h**4 + 10*h**2 + 0*h - 1/6*h**3 + 0. Calculate u(t).
-4
Let b(j) = 293*j**3 + 5 + 9 - 11*j + 10*j**2 - 294*j**3. What is b(9)?
-4
Let z = -18 - -15. Let i(k) = k + 3. Let r(q) = -2*q - 5. Let l(s) = z*r(s) - 5*i(s). Suppose -y + 4 - 3 = 0. Calculate l(y).
1
Let i(r) = -r + 26. Let p(g) = -g + 31. Let d(b) = 6*i(b) - 5*p(b). Give d(-5).
6
Let x(o) = -o**2 - 5*o - 3. Let p be (-27)/45 + 34/(-10). Let y be -2 - (3 - (p + 3)). Let s = 0 + y. Determine x(s).
-9
Let w(o) = 2*o + 2. Suppose 2*n - 16 = -0*n. Suppose 0 = m - v - 3*v - 14, -n = 2*v. Calculate w(m).
-2
Let f = -143 + 145. Let b(t) = -t**3 + t + 60*t**f + 1 - 29*t**2 - 38*t**2 - 8*t. Calculate b(-6).
7
Suppose 2 = d + 1. Let p(g) = 14*g - 24*g + 12*g - d. What is p(1)?
1
Let m(p) be the first derivative of -p**5/120 - p**4/8 + 7*p**3/3 + 1. Let u(s) be the third derivative of m(s). Suppose w + 8 = -w. Give u(w).
1
Let p(u) = -8*u - 83. Let w(b) = 4*b + 42. Let y(v) = -4*p(v) - 9*w(v). Let i be y(-10). Let t(h) = -h**3 - 7*h**2 - 5*h - 1. Calculate t(i).
-7
Let r(d) = 1 + 24*d**2 + 35*d**2 - d**3 + 2 + d - 73*d**2. Calculate r(-14).
-11
Let d(p) be the first derivative of -p**3/3 - 12*p**2 - 3*p + 721. Give d(-24).
-3
Let y(q) = -q**2 - 8*q + 3. Let v(o) = 2*o + 2. Let h(t) = 2*v(t) - y(t). Calculate h(-5).
-34
Let y(m) = -3*m**2 + 4*m - 7. Let s(u) = -10*u**2 + 13*u - 22. Let n(b) = -2*s(b) + 7*y(b). Let w(q) = q**2 + 21*q - 126. Let j be w(5). Give n(j).
-13
Let w(n) = -2*n**3 - 14*n**2 + 18*n + 24. Let p be w(-8). Let h(z) = -z**3 + 8*z**2 - z + 3. Give h(p).
-5
Let x(w) = -17 + 6*w - 4 - 3*w + 6 + 1. What is x(10)?
16
Let n(b) = -b - 7. Let l(z) be the first derivative of -5/2*z**2 - 6*z - 4/3*z**3 - 5 + 1/4*z**4. Let w be l(5). Give n(w).
-1
Suppose -6*f - 21 = 57. Let y(c) = c**3 + 14*c**2 + 13*c + 5. Give y(f).
5
Let l be (-12)/18 - (2 + 23/(-3)). Let h(y) = 15 - 6 + y - l*y**3 - 9. Let k be ((-18)/6)/(1 + -4). Determine h(k).
-4
Let x(i) = -119*i - 27 - 115*i - 25 + 355*i - 114*i. What is x(8)?
4
Let x(f) = 0 - f - 4 - 2. Let m = -15 + 74. Let p = m - 65. Give x(p).
0
Let t(h) be the third derivative of h**6/120 + 3*h**5/20 + h**4/3 - 2*h**3/3 + 76*h**2. Give t(-8).
-4
Let l(a) be the first derivative of a**4/4 - 7*a**3/3 + 3*a**2/2 - 5*a - 151. What is l(6)?
-23
Suppose 17 = -2*b + 5. Let k(c) = -3*c**3 + 41*c + 5 - 80*c + 41*c - 6*c**2 + 6*c**3 - 4*c**3. What is k(b)?
-7
Let o(m) = m**2 - 13*m + 10. Suppose -17*j - 4*p = -19*j + 14, -2*j = -p - 20. Determine o(j).
-12
Let w(i) = -i**3 - 5*i**2 + 6*i - 7. Let a be 7/(0/(-2) + -1) - 3. Let t be (7 + 16/(-8))*12/a. Calculate w(t).
-7
Suppose 2*o + 27 = 117. Let r = 40 - o. Let l(a) = a**3 + 6*a**2 + 6*a + 3. Give l(r).
-2
Let c(w) be the second derivative of 7*w**5/60 - w**4/12 + w**3/6 + 11*w**2/2 - 6*w. Let u(y) be the first derivative of c(y). Calculate u(1).
6
Let c(j) = 3*j**3 - 2*j**3 + 9*j - j**2 - 7*j - 1 - j. Determine c(2).
5
Let c(d) = -4*d - 4. Let j be c(0). Let t(s) = s - 2. Let m(n) = 6*n - 15. Suppose 28 = -2*l - 26. Let u(h) = l*t(h) + 4*m(h). What is u(j)?
6
Let p = 3 - 1. Suppose -4*s + p - 10 = 0. Let x(w) = -2*w**3 + w**2 - 2*w. What is x(s)?
24
Let l(q) be the third derivative of -7*q**4/24 + 4*q**3/3 - 2*q**2 - 18*q. Calculate l(6).
-34
Let f(x) = 6 + 14 - 13*x - 14 + x**2. Give f(11).
-16
Let w(p) = 95*p - 34*p - 33*p - 27*p - 1. Let t(i) = i**3 - 3*i**2 + 7*i - 3. Let z(o) = t(o) - 5*w(o). Suppose -6 = -2*k - 0. What is z(k)?
8
Let w(z) = 72*z + z**2 - 1 - 72*z. Let u(k) = -k**3 + 8*k**2 + k. Let b(v) = u(v) - 5*w(v). Calculate b(4).
-7
Let d(m) = 4*m**2 + 280 - 6*m**2 + 6*m - 137 - 143. What is d(5)?
-20
Let u(p) = 54*p**2 + 9*p - 21. Let t(l) = 29*l**2 + 5*l - 11. Let z(x) = -11*t(x) + 6*u(x). Calculate z(0).
-5
Suppose 3*s - k = 25, 3*s - 4*k - 20 = s. Let r(p) = 7*p**2 - p - 6*p**2 - s + 4*p - p. Give r(-6).
16
Let a(h) = 5*h + 1. Suppose 4*z - 2*m - 8 = 0, 3*z + 2*z + m - 24 = 0. Calculate a(z).
21
Let c(n) = -4*n**2 + 6*n + 9. Let z(i) = -5*i**2 + 6*i + 9. Let a(o) = 6*c(o) - 5*z(o). Give a(-6).
9
Let k(l) = 18*l - 12. Suppose 15*z + 3*z = 18. Give k(z).
6
Let p(g) = 9*g - 2. Let c be (-36)/(-14) - (-12)/28. Let i be ((-2)/(-3))/((c + -2)/(-3)). Determine p(i).
-20
Let d(x) = 1 + 4 - 9 - x + 7. Let o = 31 + -19. Suppose 0 = -0*k + 4*k + o. Determine d(k).
6
Let a(z) be the third derivative of z**5/30 + z**4/24 + 25*z**3/6 + 21*z**2. Let o(b) be the first derivative of a(b). Give o(-1).
-3
Let v(i) be the second derivative of 3*i**3/2 + 3*i**2/2 - 8*i. Let f = -9 - -13. Let p be (-3)/(f*6/16). What is v(p)?
-15
Let y(q) = 36*q + 151. Let r be y(-4). Let g(c) = -c**2 + 7*c - 4. Give g(r).
-4
Let h(q) = q**3 - q**2 - 5 + 14*q**2 - q + 10*q - 2*q**2. Let m be h(-10). Let a(y) = -y**2 - 4*y + 1 + 0*y - 2 + m. What is a(-3)?
7
Let v(j) = -j - 1. Let g(f) be the first derivative of -11*f**2/2 - 6*f - 19. Let q(p) = g(p) - 4*v(p). Give q(-2).
12
Let b(m) = 1547*m**2 - 4591*m**2 + 1530*m**2 - 4*m - 1 + 1538*m**2. Determine b(-1).
27
Let q(w) = 2*w - 1. Let k be q(1). Let a(o) be the first derivative of -o**2/2 - 154. What is a(k)?
-1
Let v(l) = -9*l**3 - 5*l**2 + 5*l - 6. Let u(c) = 8*c**3 + 6*c**2 - 6*c + 7. Let p(q) = -5*u(q) - 6*v(q). Let f(w) = 2*w + 1. Let d be f(-1). What is p(d)?
-13
Let o = 203 - 206. Let g(p) = p + 2. Let b(h) = -2. Let i(z) = -3*b(z) - 4*g(z). Give i(o).
10
Let g(n) = 6*n + n**2 - n + n - 45 + 37. What is g(-7)?
-1
Suppose -4*z = -2*g + 12, -13*g + 3*z = -18*g - 9. Let l(u) = -u**2 + 4*u + 6. Calculate l(g).
6
Suppose 5*k - 137 = -m - 3*m, -4*k + 2*m = -94. Let n be 115/k - (-4)/10. Let i(c) = -2*c + 1. Let s(a) = -2*a + 1. Let y(f) = 4*i(f) - 3*s(f). Calculate y(n).
-9
Let w(p) = -p**3 + 12*p**2 - 2*p + 23. Suppose 106 - 70 = 3*j. Determine w(j).
-1
Let n(f) be the second derivative of 14*f + 0*f**2 + 1/2*f**3 - 1/3*f**4 - 3. What is n(2)?
-10
Let l(p) = -29*p + 19*p + p**2 - 275 + 282. Give l(10).
7
Let p(l) = l**2 - 7*l + 35. Let z(s) = -2*s**2 + 13*s - 73. Let x(q) = -13*p(q) - 6*z(q). Calculate x(10).
13
Let o(r) be the first derivative of r**4/24 - r**3 - 19*r**2/2 - 22. Let z(i) be the second derivative of o(i). Calculate z(3).
-3
Suppose 0*s + 4*s - u = 32, -5*u = 3*s - 47. Suppose -l + 6*z - s = 7*z, -4*z = -3*l + 8. Let y(j) = -j**3 - 2*j**2 + 5*j + 6. Give y(l).
18
Let